is divided by 10.
8
Let p(u) = 278 - u**3 + u**2 - u + 26*u**2 - 233. Calculate the remainder when 26 is divided by p(27).
8
Let b(v) = -4*v**2 - 130*v + 14. Calculate the remainder when b(-32) is divided by 45.
33
Let x(v) = -7*v + 16. Let l = -535 + 563. Calculate the remainder when l is divided by x(0).
12
Suppose -903 = -0*f - 7*f. Let j = 1122 - 1098. What is the remainder when f is divided by j?
9
Let i(n) = n**2 + 15*n - 147. What is the remainder when i(10) is divided by 66?
37
Let o = 12038 - 11485. What is the remainder when 571 is divided by o?
18
Let h = 4 + 183. Suppose 0 = 3*o - f - 37, 0 = -4*o - 2*f - 3*f + 5. What is the remainder when h is divided by o?
7
Suppose 697 = -286*y + 327*y. Suppose 5*p = 4*g + 680 - 65, -4*p + 503 = -g. Calculate the remainder when p is divided by y.
8
Suppose 5*k = -4*b + 7*b + 119, 2*k + 4*b - 32 = 0. Suppose -k*m = 4*m - 2080. Calculate the remainder when m is divided by 12.
8
Let t = 1488 - 1303. Suppose 20*w = -11*w + 930. What is the remainder when t is divided by w?
5
Let x(m) = 16*m**2 - 33*m + 29. What is the remainder when x(8) is divided by 72?
69
Let b = 19783 + -19411. Calculate the remainder when 377 is divided by b.
5
Let j be (-1)/((-4)/18*9/(-24)). Calculate the remainder when 123 is divided by ((-147)/14)/((10/j)/5).
60
Let z(r) = -22*r**3 - 46*r - 45. Calculate the remainder when 603 is divided by z(-1).
5
Let b = -16133 - -16177. Calculate the remainder when 1974 is divided by b.
38
Let i = 280 - -131. Let b = -405 + i. Calculate the remainder when 4*(225/12 + 2) is divided by b.
5
Suppose 4*o + 2*d = -2*d + 28, 0 = -4*o + 2*d + 16. Suppose 0 = 3*v - o - 13. What is the remainder when 3 - v - -2*16 is divided by 15?
14
Let d(p) = -47*p**3 - p**2 + 7*p + 8. What is the remainder when 168 is divided by d(-1)?
27
Let n(c) = -30*c + 1848. What is the remainder when 575 is divided by n(60)?
47
Let q(i) = -i**3 + 97*i**2 - 69*i - 1271. What is the remainder when q(96) is divided by 168?
145
Let k = -125 + 128. Suppose k*g + 5*b - 501 = 256, 3*b = 2*g - 473. What is the remainder when g is divided by 41?
39
Let z(j) = j**3 - 5*j**2 + 3*j - 8. Let p be z(4). What is the remainder when (4/p)/(3/(-171)) is divided by 6/(-4) + 40/16 - -3?
3
Let a(k) = k**2 + 32. Let b be a(-30). Suppose -b = -16*y + 124. Let d(o) = o**2 - 10*o + 12. What is the remainder when y is divided by d(11)?
20
Calculate the remainder when ((-494)/(-39) + 2)*(-2313)/(-12) is divided by 37.
15
Suppose -k = 2*k + 4*u, 4*k - 25 = 3*u. Let g(o) = o**3 + 2*o**2 - 1. Calculate the remainder when g(k) is divided by 10.
5
Let h(b) = b**2 + 3*b + 1. Let k be h(-2). Suppose 11*x = 16 + 83. What is the remainder when -1 - (-4 - -2)/(k/(-54)) is divided by x?
8
Let f = 819 + -459. Suppose 0 = -f*j + 356*j + 140. What is the remainder when 133 is divided by j?
28
Let b = -27 - -31. Let r = -27 - -47. Suppose -r = p - 24. What is the remainder when p is divided by b?
0
Let d(l) = 3*l - 54. Let m = -12 - -132. Suppose 5*k + 3*p - m = 0, -8 = -3*p + 7. What is the remainder when d(31) is divided by k?
18
Suppose -126*x - 151*x - 7770 + 176463 = 0. Calculate the remainder when x is divided by 46.
11
Suppose -2*t + 42 = 2*j, -100*t - 5*j + 83 = -96*t. Suppose -c - 3*z = -74, 5*z - 8 = 7. What is the remainder when c is divided by t?
21
Suppose -25*r + 58984 = -101966. What is the remainder when r is divided by 18?
12
Let g(z) = 251*z**2 - 29*z + 19. What is the remainder when g(2) is divided by 30?
5
Suppose -210*g - 8106 = -231*g. Calculate the remainder when 521 is divided by g.
135
Let h = 827 + 263. Suppose -5*n = -3*n + 4*m - 434, 5*n + 5*m = h. What is the remainder when n is divided by 5?
4
Suppose 17 + 1 = 3*v. Let d(g) = -2*g**3 + 9*g + 3*g**3 + 42 - 6*g**2 + 95 - 148. What is the remainder when d(v) is divided by 22?
21
Let u = 49544 - 46688. Calculate the remainder when 8579 is divided by u.
11
Suppose 0*l = -19*l + 3513 + 1484. What is the remainder when l is divided by 134?
129
Suppose -4*p - 35643 = -66831. What is the remainder when p is divided by 7?
6
Let o(p) be the first derivative of p**2 - p - 5. Suppose -3*m - 285 = -5*g, 0 = g + 3*m - 0*m - 39. Calculate the remainder when g is divided by o(4).
5
Let r(n) = 9*n**2 + 11*n + 48. Suppose 7*y = -y - 40. Calculate the remainder when r(y) is divided by 13.
10
Suppose -60 = -6*m + 42. Suppose m*k + 126 = 15*k. Let v = -43 - k. Calculate the remainder when 78 is divided by v.
18
Suppose -55 = -12*p - 7. Suppose -3*r = -p*i - 8*r + 487, 366 = 3*i + 3*r. Calculate the remainder when i is divided by 25.
23
Suppose -5*b - r = -36645 - 7152, -4*b - 3*r = -35020. What is the remainder when b is divided by 23?
21
Suppose 21*i + 20 = 16*i. Let n be (-1)/(i/(-740)*5). Calculate the remainder when 68 is divided by 6/(0 + -3) - n.
33
Let i(s) = -s**3 - 9*s**2 + 579*s + 1. What is the remainder when i(-29) is divided by 10?
0
Let j = 103 + -73. Suppose 5*o + 5*a - 55 = 0, 2*a - 16 = -4*o + j. Let h = 132 - 87. Calculate the remainder when h is divided by o.
9
Suppose -2280*m = -2272*m - 296. What is the remainder when 423 is divided by m?
16
Suppose -3*g = -6*m - 987, m - 959 = -3*g + 21. Calculate the remainder when g is divided by 127.
73
Let s = -251 + 349. Calculate the remainder when s is divided by ((-11)/22)/(3 - (-201)/(-66)).
10
Let n(t) = 3*t**3 - 2*t**2 - t + 1. Suppose 69 + 211 = 20*q - 120. Calculate the remainder when n(4) is divided by q.
17
What is the remainder when 801 - 1 - (-72 + 82) is divided by 11?
9
Suppose 1145*h = 1346*h - 268335. What is the remainder when h is divided by 48?
39
Let m = 37 + 2. Calculate the remainder when 618 is divided by m.
33
Suppose 59*f = 63*f - 360. Suppose 10 = -5*q, 10*l - 15*l + 5*q + f = 0. Calculate the remainder when 92 is divided by l.
12
Let n = -23 - -20. Let i(l) = 8*l**2 + 8*l + 19. What is the remainder when i(n) is divided by 12?
7
Let x = 158 - 69. What is the remainder when x is divided by (-18)/(-48)*28*(3 - 1)?
5
Let z(h) = -12*h**3 - 20*h**2 + 11*h + 22. What is the remainder when z(-4) is divided by 206?
14
Let b = 3342 - 3293. Calculate the remainder when b is divided by 34.
15
Suppose 0 = -5*m + 5*i + 345, 321 = 4*m - 11*i + 16*i. What is the remainder when 528 is divided by m?
10
Suppose -5*q + 4*p = -2635, 9*p - 12*p = 15. Calculate the remainder when q is divided by 75.
73
Suppose -3*s - 2212 = -2695. What is the remainder when 500 is divided by s?
17
Suppose 0 = -12*d + 1998 + 10638. What is the remainder when d is divided by 58?
9
Let f(c) = 63*c**2 + 55*c - 7. Calculate the remainder when f(-5) is divided by 144.
141
Let o = 46 - 51. Let j = 36 + o. Suppose 4*d - 2 = h + j, 60 = 5*d + 5*h. Calculate the remainder when 53 is divided by d.
8
Let h(f) = -f**3 - f**2 + 2. Let m be h(-2). Calculate the remainder when 11 is divided by m + (18/(-3))/6.
1
Suppose -26*m + 30*m = v + 10090, 5*v + 5072 = 2*m. What is the remainder when m is divided by 194?
193
Let o(j) = -j**3 + 13*j**2 - 11*j - 6. Let x(a) = -23*a**2 - 292*a - 128. What is the remainder when x(-12) is divided by o(12)?
4
Let c = -708 + 708. Suppose -3*j - 3*f = -18, c = 4*j + f - 16 + 1. Calculate the remainder when 6 is divided by j.
0
Suppose 180*k - 307623 - 166322 = -144185. Calculate the remainder when k is divided by 18.
14
Let q = -969 + 1170. Suppose -47*p = -q + 13. What is the remainder when 155 is divided by p?
3
What is the remainder when 4047 is divided by (11600/(-150))/(-29)*39/4?
17
Suppose -3*a + z = -0*z - 27, -4*z - 28 = -2*a. What is the remainder when 1934/7 + (-6)/42*365/(-73) is divided by a?
5
Suppose 13*o - 338 + 882 = 29*o. Let x(b) = -b**2 + 129. Calculate the remainder when x(0) is divided by o.
27
Suppose 6*y - 17 = 13. Calculate the remainder when 291 is divided by (y/(80/12))/(12/1168).
72
Let p be ((-5)/(-15))/((-10)/(-2280)). Suppose -p*y - 274 = -78*y. Suppose 2*c = 66 + 4. Calculate the remainder when y is divided by c.
32
Suppose -25*w + 5*y = -29*w + 131, -3*w + 3*y + 78 = 0. Let m = w + 9. Calculate the remainder when 63 is divided by m.
25
Let q = 3120 + -2167. Suppose 957*a - q*a = 236. What is the remainder when a is divided by 12?
11
Suppose -4*f = -14 - 334. What is the remainder when f is divided by